{"id":118,"date":"2025-03-27T20:02:54","date_gmt":"2025-03-27T19:02:54","guid":{"rendered":"https:\/\/wellenfunktion.ch\/?page_id=118"},"modified":"2025-04-17T19:59:32","modified_gmt":"2025-04-17T17:59:32","slug":"theorie","status":"publish","type":"page","link":"https:\/\/wellenfunktion.ch\/?page_id=118&lang=de","title":{"rendered":"Theorie"},"content":{"rendered":"\n<p>Seit dem Auffinden der Schr\u00f6dingergleichung im Jahre 1926 und der L\u00f6sung des Wasserstoffmolek\u00fclproblems durch Heitler und London 1927 ist das Wesen der chemischen Bindung zumindest prinzipiell gel\u00f6st. Atome wechselwirken miteinander, indem ihre atomaren Wellenfunktionen zu molekularen Wellenfunktionen kombinieren, im Sinne einer quantenmechanischen Interferenz, also konstruktive Interferenz (Bindung) und destruktive Interferenz (Antibindung). Das Verhalten von Feststoffen (also unendlich gro\u00dfen Molek\u00fclen) ist v\u00f6llig analog.<\/p>\n\n\n\n<p>Der Begriff der Wellenfunktion (wie er durch Erwin Schr\u00f6dinger gepr\u00e4gt wurde) ist allesentscheidend. Erst die Analyse der Wellenfunktion erlaubt es, die chemischen Bindungswechselwirkungen restlos aufzukl\u00e4ren, weshalb die Wellenfunktion von fundamentaler Bedeutung ist. Auch wenn im 21. Jahrhundert quantenmechanische Rechungen auf Basis der Dichte (zwecks Beschleunigung) durchgef\u00fchrt werden, gibt erst die Analyse der Wellenfunktion s\u00e4mtliche Informationen preis.<\/p>\n\n\n<div class=\"wp-block-image\">\n<figure class=\"aligncenter size-full is-resized\"><img loading=\"lazy\" decoding=\"async\" width=\"432\" height=\"596\" src=\"https:\/\/wellenfunktion.ch\/wp-content\/uploads\/2025\/04\/WZ_Erwin_S_colorized.jpg\" alt=\"\" class=\"wp-image-289\" style=\"width:300px\" srcset=\"https:\/\/wellenfunktion.ch\/wp-content\/uploads\/2025\/04\/WZ_Erwin_S_colorized.jpg 432w, https:\/\/wellenfunktion.ch\/wp-content\/uploads\/2025\/04\/WZ_Erwin_S_colorized-217x300.jpg 217w\" sizes=\"auto, (max-width: 432px) 100vw, 432px\" \/><\/figure>\n<\/div>\n\n\n<p>F\u00fcr ausgedehnte quantenmechanische Rechnungen, die in aller Regel mit sogenannten ebenen Wellen durchgef\u00fchrt werden, besteht die Hauptschwierigkeit in der Transformation der delokalisierten quantenmechanischen Information in eine lokale Darstellung. Erst dann ist eine sinnvolle chemische Analyse m\u00f6glich. Wellenfunktion GmbH verf\u00fcgt \u00fcber den leistungsf\u00e4higsten Algorithmus, der auf Atome und auch molekulare Einheiten projizieren kann.<\/p>\n\n\n\n<p>Interessiert? Sprechen Sie mit uns!<\/p>\n","protected":false},"excerpt":{"rendered":"<p>Seit dem Auffinden der Schr\u00f6dingergleichung im Jahre 1926 und der L\u00f6sung des Wasserstoffmolek\u00fclproblems durch Heitler und London 1927 ist das Wesen der chemischen Bindung zumindest prinzipiell gel\u00f6st. Atome wechselwirken miteinander, indem ihre atomaren Wellenfunktionen zu molekularen Wellenfunktionen kombinieren, im Sinne einer quantenmechanischen Interferenz, also konstruktive Interferenz (Bindung) und destruktive Interferenz (Antibindung). Das Verhalten von Feststoffen&hellip;&nbsp;<a href=\"https:\/\/wellenfunktion.ch\/?page_id=118&#038;lang=de\" rel=\"bookmark\"><span class=\"screen-reader-text\">Theorie<\/span><\/a><\/p>\n","protected":false},"author":1,"featured_media":0,"parent":0,"menu_order":0,"comment_status":"closed","ping_status":"closed","template":"","meta":{"neve_meta_sidebar":"","neve_meta_container":"","neve_meta_enable_content_width":"","neve_meta_content_width":0,"neve_meta_title_alignment":"","neve_meta_author_avatar":"","neve_post_elements_order":"","neve_meta_disable_header":"","neve_meta_disable_footer":"","neve_meta_disable_title":"","footnotes":""},"class_list":["post-118","page","type-page","status-publish","hentry"],"_links":{"self":[{"href":"https:\/\/wellenfunktion.ch\/index.php?rest_route=\/wp\/v2\/pages\/118","targetHints":{"allow":["GET"]}}],"collection":[{"href":"https:\/\/wellenfunktion.ch\/index.php?rest_route=\/wp\/v2\/pages"}],"about":[{"href":"https:\/\/wellenfunktion.ch\/index.php?rest_route=\/wp\/v2\/types\/page"}],"author":[{"embeddable":true,"href":"https:\/\/wellenfunktion.ch\/index.php?rest_route=\/wp\/v2\/users\/1"}],"replies":[{"embeddable":true,"href":"https:\/\/wellenfunktion.ch\/index.php?rest_route=%2Fwp%2Fv2%2Fcomments&post=118"}],"version-history":[{"count":3,"href":"https:\/\/wellenfunktion.ch\/index.php?rest_route=\/wp\/v2\/pages\/118\/revisions"}],"predecessor-version":[{"id":320,"href":"https:\/\/wellenfunktion.ch\/index.php?rest_route=\/wp\/v2\/pages\/118\/revisions\/320"}],"wp:attachment":[{"href":"https:\/\/wellenfunktion.ch\/index.php?rest_route=%2Fwp%2Fv2%2Fmedia&parent=118"}],"curies":[{"name":"wp","href":"https:\/\/api.w.org\/{rel}","templated":true}]}}